Calculate the remainder when 7738110 is divided by 20.
10
Calculate the remainder when 1369150 is divided by 80532.
106
What is the remainder when 1996486 is divided by 20?
6
Calculate the remainder when 350156 is divided by 1467.
1010
Calculate the remainder when 3059186 is divided by 9442.
9420
What is the remainder when 110668 is divided by 64?
12
What is the remainder when 226669 is divided by 43962?
6859
Calculate the remainder when 134158 is divided by 1677.
1675
What is the remainder when 14290181 is divided by 768?
5
Calculate the remainder when 4122404 is divided by 400.
4
What is the remainder when 2713719 is divided by 1141?
421
What is the remainder when 824139 is divided by 8953?
463
What is the remainder when 9692499 is divided by 1092?
999
Calculate the remainder when 521549 is divided by 2474.
2009
Calculate the remainder when 472142043 is divided by 7247.
7240
Calculate the remainder when 3370081 is divided by 476.
1
What is the remainder when 196579 is divided by 1425?
1354
Calculate the remainder when 8011 is divided by 964.
299
What is the remainder when 409186 is divided by 136342?
160
Calculate the remainder when 376061 is divided by 377.
192
Calculate the remainder when 750541 is divided by 187633.
9
Calculate the remainder when 3134105 is divided by 55966.
9
What is the remainder when 2727951 is divided by 15?
6
What is the remainder when 66839793 is divided by 251?
250
What is the remainder when 1063617 is divided by 358?
357
Calculate the remainder when 43207518 is divided by 3046.
8
What is the remainder when 2694587 is divided by 14332?
171
What is the remainder when 1259709 is divided by 1956?
45
What is the remainder when 2503323 is divided by 6605?
28
What is the remainder when 309475886 is divided by 7?
6
Calculate the remainder when 5411330 is divided by 2722.
2716
Calculate the remainder when 173404 is divided by 11394.
2494
What is the remainder when 561064 is divided by 13?
10
What is the remainder when 195675 is divided by 1702?
1647
What is the remainder when 181922 is divided by 90959?
4
Calculate the remainder when 17516144 is divided by 2389.
2385
Calculate the remainder when 5720487 is divided by 114408.
87
Calculate the remainder when 1352873 is divided by 1352870.
3
What is the remainder when 8937450 is divided by 37395?
45
What is the remainder when 1151512 is divided by 1874?
876
What is the remainder when 74058 is divided by 1727?
1524
Calculate the remainder when 344219969 is divided by 1795.
1794
Calculate the remainder when 6661727 is divided by 164.
47
Calculate the remainder when 4622290 is divided by 1195.
30
Calculate the remainder when 352739 is divided by 32019.
530
Calculate the remainder when 735788 is divided by 14.
4
What is the remainder when 44678 is divided by 21321?
2036
Calculate the remainder when 33695 is divided by 33686.
9
Calculate the remainder when 1893395 is divided by 7425.
20
Calculate the remainder when 101931889 is divided by 13.
7
What is the remainder when 203761 is divided by 67824?
289
Calculate the remainder when 2336054 is divided by 295.
244
Calculate the remainder when 71439 is divided by 978.
45
Calculate the remainder when 2677986 is divided by 362.
272
Calculate the remainder when 4196170 is divided by 247.
134
Calculate the remainder when 3922082 is divided by 1961009.
64
What is the remainder when 10483881 is divided by 532?
289
What is the remainder when 17916 is divided by 1366?
158
What is the remainder when 24896999 is divided by 386?
385
What is the remainder when 15599948 is divided by 313?
28
What is the remainder when 100907 is divided by 7434?
4265
What is the remainder when 26911821 is divided by 13455907?
7
What is the remainder when 28002 is divided by 24?
18
Calculate the remainder when 3453007 is divided by 80302.
21
Calculate the remainder when 7231098 is divided by 3615514.
70
What is the remainder when 51067 is divided by 12525?
967
What is the remainder when 16130900 is divided by 889?
884
What is the remainder when 117666361 is divided by 58833161?
39
What is the remainder when 300324 is divided by 2566?
102
What is the remainder when 412196 is divided by 875?
71
What is the remainder when 30470881 is divided by 1911?
1897
What is the remainder when 48877578 is divided by 1804?
2
What is the remainder when 6096056 is divided by 16?
8
What is the remainder when 273982761 is divided by 921?
918
Calculate the remainder when 2930260 is divided by 4529.
4526
Calculate the remainder when 188415 is divided by 1175.
415
Calculate the remainder when 3711526 is divided by 742305.
1
Calculate the remainder when 58503643 is divided by 716.
715
Calculate the remainder when 914450 is divided by 1351.
1174
Calculate the remainder when 4425724 is divided by 63.
37
What is the remainder when 62949 is divided by 1009?
391
Calculate the remainder when 78608 is divided by 1786.
24
What is the remainder when 16134096 is divided by 23867?
4
What is the remainder when 39113 is divided by 369?
368
What is the remainder when 77817595 is divided by 2702?
2697
Calculate the remainder when 13801407 is divided by 920093.
12
What is the remainder when 13356115 is divided by 709?
682
What is the remainder when 33393 is divided by 33238?
155
What is the remainder when 1866687 is divided by 1866044?
643
What is the remainder when 24413936 is divided by 174?
170
Calculate the remainder when 713386 is divided by 47559.
1
What is the remainder when 764231 is divided by 376?
199
Calculate the remainder when 8210269 is divided by 2.
1
Calculate the remainder when 24402730 is divided by 1068.
1066
Calculate the remainder when 447310 is divided by 81.
28
What is the remainder when 14215 is divided by 4670?
205
Calculate the remainder when 2145 is divided by 482.
217
Calculate the remainder when 417151182 is divided by 255.
252
Calculate the remainder when 2706792 is divided by 37.
20
Calculate the remainder when 2621384 is divided by 454.
442
Calculate the remainder when 61100 is divided by 14991.
1136
What is the remainder when 428575 is divided by 2828?
1547
Calculate the remainder when 17844320 is divided by 87903.
11
What is the remainder when 1135607 is divided by 3289?
902
Calculate the remainder when 41582509 is divided by 34.
33
What is the remainder when 55476 is divided by 534?
474
What is the remainder when 37927919 is divided by 14063?
8
What is the remainder when 124324 is divided by 222?
4
What is the remainder when 821629 is divided by 2401?
487
Calculate the remainder when 6600205 is divided by 74.
71
What is the remainder when 4639181 is divided by 94?
93
Calculate the remainder when 48817942 is divided by 7.
5
Calculate the remainder when 8985218 is divided by 49642.
16
What is the remainder when 278417 is divided by 297?
128
What is the remainder when 4635072 is divided by 17166?
252
Calculate the remainder when 96505884 is divided by 40.
4
Calculate the remainder when 2709603 is divided by 75.
3
Calculate the remainder when 116760 is divided by 990.
930
What is the remainder when 341603 is divided by 419?
118
What is the remainder when 25108617 is divided by 3722?
5
What is the remainder when 992512 is divided by 55135?
82
What is the remainder when 416927 is divided by 1423?
1411
Calculate the remainder when 28494122 is divided by 137.
40
What is the remainder when 408105 is divided by 407936?
169
What is the remainder when 2904485 is divided by 726082?
157
Calculate the remainder when 51839893 is divided by 2728415.
8
What is the remainder when 67643 is divided by 67074?
569
Calculate the remainder when 859476007 is divided by 1174.
1173
Calculate the remainder when 454086 is divided by 192.
6
Calculate the remainder when 151662 is divided by 514.
32
Calculate the remainder when 4911932 is divided by 106.
104
Calculate the remainder when 66499749 is divided by 250.
249
What is the remainder when 2860225 is divided by 96?
1
What is the remainder when 1025435 is divided by 6449?
44
What is the remainder when 236427 is divided by 5115?
1137
Calculate the remainder when 18956232 is divided by 494.
464
What is the remainder when 2002127 is divided by 630?
617
What is the remainder when 1079833 is divided by 1079791?
42
Calculate the remainder when 448630